 n**2 - 5*n - 16. Let x(u) = -6*m(u) + 13*z(u). Let h be 0/((-1 - 0)/1). Determine x(h).
-4
Suppose 1 - 4 = -u. Let z(c) = -8*c**2 + 10*c + c**2 - 15*c - c**u. Calculate z(-6).
-6
Let k(m) = -13*m**2 - 35*m + 38. Let f(q) = -3*q**2 - 8*q + 10. Let l(s) = 9*f(s) - 2*k(s). Determine l(5).
-21
Let i(o) be the third derivative of -o**4/24 + 6*o**3 + 200*o**2. Determine i(0).
36
Let m(t) be the first derivative of -t**4/8 + 2*t**2 - 15. Let c(l) be the second derivative of m(l). Calculate c(-5).
15
Let p(f) = 2*f**2 - 3*f - 1. Let a(y) = 2*y**3 + 3*y**2 - 2*y - 2. Let j be a(0). Calculate p(j).
13
Let f(v) = -3*v**3 + 11*v**2 + 10*v + 5. Let p be (-161)/21 + 6/9. Let z(q) = -5*q**3 + 21*q**2 + 19*q + 10. Let m(l) = p*f(l) + 4*z(l). Calculate m(-6).
5
Let f = 33 + -27. Let k be 14/2 + (-12)/f. Let h(j) be the first derivative of -j**4/4 + 5*j**3/3 - j**2 + j - 2. What is h(k)?
-9
Let o(s) = -13*s**3 + 18*s**2 + 5*s. Let t(m) = -7*m**3 + 8*m**2 + 2*m. Let f(i) = 3*o(i) - 7*t(i). Let j = -2 - -3. Determine f(j).
9
Let v = 7 - 4. Suppose -k = 3*j + v + 3, 0 = 4*k. Let a(f) be the second derivative of -f**3 - f**2/2 + 1256*f. Calculate a(j).
11
Let m(v) be the third derivative of v**6/120 + 11*v**5/60 + 3*v**4/8 + v**3/3 + 27*v**2. What is m(-10)?
12
Let j(a) be the first derivative of 0*a - 5/2*a**2 + 5/3*a**3 - 5 - 1/4*a**4. Give j(4).
-4
Let k(g) be the second derivative of -5*g - 1/2*g**3 - 2*g**2 + 0. Suppose 0 = 5*x - 5*b + 5 + 10, x = 3*b + 1. Determine k(x).
11
Let u(v) = -2*v**2 - v - 1. Let s(c) = -7*c**2 + 23*c**2 + 8*c + 18 - 17*c**2. Let i be s(10). Give u(i).
-7
Let v(a) = 4*a**2 - 2*a + a**3 - 3 + a + 0*a**3. Suppose -2*c = -2*h - 10, 7*h = 2*h. Suppose c*b - 5*w + 4*w = -20, 4*b - 2*w + 16 = 0. Determine v(b).
1
Let a(v) be the third derivative of -33*v**2 + 1/3*v**4 + 0 + v**3 + 1/60*v**5 + 0*v. Determine a(-8).
6
Let n = -10 - -32. Suppose 26*y - n*y = -8. Let w(j) = -3*j**3 - j**2 + 3*j + 1. Give w(y).
15
Let p(u) be the third derivative of -u**5/60 + u**4/3 + u**3/2 + 4*u**2. Suppose 0 = 3*r + k - 23, -31 = -3*r - 3*k + 4*k. Determine p(r).
-6
Let g(y) = -y**3 - 5*y**2 + 5*y - 5. Let t(o) = o**3 + 4*o**2 - 6*o - 4. Let v be t(-4). Suppose -q - 2*q = 4*l + 119, l = -5*q - 51. Let k = v + l. Give g(k).
1
Let t be (28/(-6))/((-18)/27). Let m(d) = t*d - 2 + 4*d**3 + 1 - 9*d. What is m(-1)?
-3
Suppose 3*k - 28 = -v, -4*k + 4*v + 42 = -2*k. Let h(l) = 8*l**2 - 3*l + 5. Let r(b) = 23*b**2 - 8*b + 14. Let m(x) = k*h(x) - 4*r(x). What is m(-1)?
-4
Let c(n) be the third derivative of -n**6/120 - n**5/30 + n**4/6 - n**3/6 + 5*n**2 - 9. Determine c(-3).
-4
Let m(p) = -p**3 + p**2 - p. Let f(w) = w**3 - 16*w**2 + 18*w + 21. Let r(k) = -f(k) - 2*m(k). Let c be r(-15). Let j(i) = 2*i + 8. What is j(c)?
-4
Let f(i) = -i**3 + 7*i**2 - 6*i + 7. Let o = 51 - 30. Suppose -o = 3*u - 2*u. Let l = u - -27. Determine f(l).
7
Suppose 5*x + 2*j = 46, -10 - 15 = -2*x - 3*j. Suppose -i = -2*i + x. Let q(o) = -o**2 - 4 - i*o - 6 + 1. Determine q(-6).
3
Let m(h) = -h**2 + 10*h - 7. Let s be m(9). Let z(x) = x**2 - x**3 - 2 - 3*x + 2*x**2 + 4 + 0*x**2. Calculate z(s).
0
Let t(v) = 4*v - 1. Let r be t(-1). Let n(y) be the first derivative of y**3/3 + 5*y**2/2 - 7*y + 30. What is n(r)?
-7
Suppose -c + 4 - 2 = 0. Let s(t) = -2*t**3 - t**2 + 2*t - 3. Give s(c).
-19
Let d be (44/(-55))/(2/(-5)). Let h(t) = 12*t**2 + 2 - 6*t**2 - d*t + t - t**3. Calculate h(6).
-4
Let r(g) = -5*g. Let t(a) = 17*a**2 + 13*a + 2. Let s(i) = -8*i**2 - 6*i - 1. Let v(u) = -9*s(u) - 4*t(u). Let x be v(-1). Suppose 5*h = -2 - x. Calculate r(h).
5
Let v(y) = -y**2 + 6*y - 3. Let m be v(5). Let w(n) = -10 - 9 + 4*n + m*n**2 + 12 - n**2. What is w(-6)?
5
Let z(d) = 7*d. Let t = -250 - -248. Calculate z(t).
-14
Let y be 357/(-360) + -10 + 11. Let h(a) be the third derivative of -5/24*a**4 + 0*a + 2*a**2 + 1/2*a**3 + y*a**6 - 1/20*a**5 + 0. Calculate h(4).
-1
Let l(f) = -8*f - 5. Suppose -5*v - 13 - 7 = 0. Give l(v).
27
Let o = -46 + 85. Let h be (-3)/(-12) + o/4. Let q(t) = 1 - 12*t + 17*t - t**2 - h*t. Give q(-6).
-5
Let c(o) be the third derivative of -o**9/60480 + o**8/2520 - o**7/1008 - o**6/120 - o**5/15 - 4*o**2. Let w(h) be the third derivative of c(h). Calculate w(7).
8
Let n(a) be the first derivative of 3*a**2/2 - 12*a + 39. What is n(6)?
6
Let k(j) = -9*j**3 + 2*j**2 - 1. Suppose 18 = -2*m - 4*z, -m - 2 - 11 = 3*z. Determine k(m).
10
Suppose -53*u - 651 - 38 = 0. Let o(m) = -m**2 - 13*m + 2. What is o(u)?
2
Let v(c) = c**2 + c - 1. Let i(q) = 5*q**2 + 14*q - 16. Let t(w) = i(w) - 6*v(w). Let h = 781 - 774. Determine t(h).
-3
Let f be 1 + 6 + -3 + -1. Suppose -x + 28 = f*x. Let c(a) = a + x*a - 2 + 0 - 2*a. Determine c(2).
10
Let r(s) = -1. Let a(k) = -3*k - 4. Let b(f) = -a(f) + 2*r(f). Let x(d) = -d**3 + 9*d**2 - 10*d + 13. Let w be x(8). Give b(w).
-7
Let q(m) = 2*m**2 - 24*m - 26. Let s be q(-1). Let g(n) be the second derivative of n + 1/6*n**3 + 1/4*n**4 + 1/20*n**5 + s + 1/2*n**2. Give g(-2).
3
Let r = 45 - 43. Let t(o) = -5 + o + o + 1 + r - o**2. Give t(2).
-2
Let l = 4 + -1. Suppose -4*a - i = a + 25, -15 = 3*a + l*i. Let t(q) be the first derivative of q**2/2 - 2*q + 240. What is t(a)?
-7
Let n(i) = -4*i + 5. Suppose 24*f - 10 = 22*f. What is n(f)?
-15
Let h(k) be the third derivative of -k**5/15 + k**4/8 - k**3/6 + 35*k**2. Suppose -y + 15 = 5*a, 5*a + 3*y - 21 = 2*a. Give h(a).
-11
Let i(v) = v**3 + 2*v**2 + 41022*v + 11 + 10 - 3*v**2 - 41023*v. Determine i(0).
21
Let u(a) = -18*a. Suppose -9 = -3*f + 4*b, -2*b = 2*f - 1 + 9. Give u(f).
18
Suppose -3*h + 9 = -q - h, q + 5*h = 26. Let i(d) = d**2 - 7*d + 11. Let u be i(5). Let v = q + u. Let o(j) = 3*j + 1. What is o(v)?
7
Let x be 1/(-3)*-1 + 480/45. Let w(d) = -d**2 + 11*d - 10. What is w(x)?
-10
Let k be (3 - 3)*(0 - (-3)/(-6)). Let b(n) = n**3 + n**2 - n + 8. Give b(k).
8
Let s(r) be the third derivative of -r**5/60 + 5*r**4/12 + 5*r**3/2 + 72*r**2. What is s(11)?
4
Let o(i) = 6*i - 18. Let s = -166 - -169. Give o(s).
0
Let k(l) = l**2 - 10*l + 20. Let q(d) = -15*d**2 - 316*d - 13. Let s be q(-21). Give k(s).
4
Suppose 1 = k - 1. Let v(z) = 0*z**k + 306 - 8*z**2 + z**3 - 301 + 6*z. What is v(7)?
-2
Let d(s) = s**2 - 8*s - 1. Let l be 6 + 1 - 0/(-51). Give d(l).
-8
Let d be (-6 + 10)/((-4)/(-6)). Let n(f) = 7*f - f**2 + 39 - 61 + 19. Calculate n(d).
3
Let s(d) = -5*d**3 - 6*d**2 + 8*d - 3. Let w(x) = x**3 + x**2 - 3*x. Let i(p) = s(p) + 4*w(p). Suppose 11 = -3*v + 5. Calculate i(v).
5
Let r(a) = a**2 + 6*a - 5. Let z(b) = b**3 + 3*b**2 - 15*b - 29. Let i be z(-5). Determine r(i).
-13
Suppose 610*x - 618*x - 8 = 0. Let p(w) = 3*w**3 + w**2 + w. What is p(x)?
-3
Let y(v) = -v**3 - v - 2. Let r(f) = 6*f**3 + 4*f**2 + 4*f + 15. Let g(k) = r(k) + 5*y(k). Give g(-5).
-15
Let v(t) = 3*t**2 - 2*t**3 + 2*t - 4*t - 3 - 6*t**2. Suppose -2*q = 4, 0 = -i - 4*q - 3 - 2. Let d = -5 + i. Determine v(d).
5
Let g(k) = 7*k**2 + 20*k + 9. Let j(w) = -3*w**2 - 10*w - 4. Let a(q) = 4*g(q) + 9*j(q). Determine a(7).
-21
Let u(v) = 5*v**3 - v - 2. Suppose 4*b = q + 2, q = -3*b - 0 + 5. What is u(q)?
36
Let t(c) be the first derivative of -c**3 - 3*c**2/2 - 351. Calculate t(-2).
-6
Let l = -589 - -588. Let c(m) = 4*m**3 + m**2 + m - 1. Give c(l).
-5
Let t(y) = 3*y**2 - 11*y - 11. Let o(q) = -5*q**2 + 12*q + 11. Let b(u) = 2*o(u) + 3*t(u). Calculate b(-10).
-21
Let r(c) = 0 + 2*c + 2*c - 5*c - 4. Let k(h) = 1. Let b(i) = -i**3 + 5*i**2 + 7*i - 5. Let l be b(6). Let j(t) = l*k(t) + r(t). Determine j(0).
-3
Suppose 30 = -4*r - r. Let n(a) = -34*a + 55. Let d(y) = -15*y + 25. Let c(f) = -9*d(f) + 4*n(f). Give c(r).
1
Let h(j) = -j**2 + 4*j + 1. Let c be (-6)/27*1 - 100/(-45). Give h(c).
5
Let v(x) be the first derivative of x**4/2 - 2*x**3/3 - 3*x**2/2 - x - 476. Calculate v(-2).
-19
Let d(p) = 3*p - 10. Let f(v) = -v + 2. Let q be f(-2). Give d(q).
2
Let i(f) = -2 + 132707*f**2 - 1 + 1 - 132687*f**2. Calculate i(1).
18
Let c(y) = -3*y + 5*y - 6*y + 38*y + 5*y + 2. Give c(-2).
-76
Suppose -4*m + 4*z - z = 53, -2*z = 10. Let t = -43 + m. Let o be t/(-8)*(-2)/(-3). Let g(n) = n - 5. Calculate g(o).
0
Let n(w) = -3*w**2 + 10*w + 11. Let d(p) be the first derivative of p**3/3 - 3*p**2/2 - 4*p + 1. Let x(i) = -11*d(i) - 4*n(i). Give x(5).
-10
Let q(n)